d) = -d + 9. Calculate g(r).
9
Let u(k) be the first derivative of -17*k**3/3 + k**2/2 + 1. Suppose -16 = 12*a - 28*a. Calculate u(a).
-16
Let d(n) = -n**2 - 4*n + 5. Let x be d(-5). Suppose -3*y + 3*q + 12 = x, 7*y - 3*q - 16 = 3*y. Let j be ((-6)/y)/((-3)/(-6)). Let p(v) = -3*v - 1. What is p(j)?
8
Let s(g) = -4*g**2 - g - 2. Suppose 0 = -3*l + 3*j - 0*j - 3, 4*j = l - 2. Calculate s(l).
-16
Let y(n) be the third derivative of n**4/12 - 13*n**3/6 - 11*n**2. Let o be y(10). Let l(h) = -h**3 + 7*h**2 - 2*h + 5. Determine l(o).
-9
Let f(q) be the first derivative of -q**6/120 + q**5/30 + q**4/8 + q**3/3 - 11*q**2/2 - 11. Let d(w) be the second derivative of f(w). Determine d(3).
2
Let l = -656 + 650. Let z(u) = 15*u + 90. Determine z(l).
0
Let g(n) = n**3 + 10*n**2 - 12*n - 17. Let b(r) = -r**3 + 3*r + 7. Let i be b(3). Determine g(i).
-6
Suppose 0 = -9*l + 14*l - 85. Suppose 11*b + l = -5. Let s(z) = -8*z - 3. What is s(b)?
13
Let k(t) = -140*t - 13 - t**2 + 4*t**2 - 4*t**2 + 75*t + 73*t. Determine k(6).
-1
Let k(g) = 8*g**3 - 2 + 3 - 7*g**2 - 2*g + 9*g**2. Let c(b) = -b**3 - 5*b**2 - 3*b - 7. Let s be c(-5). Suppose 7*a - s*a + 1 = 0. Determine k(a).
9
Let a(s) be the third derivative of s**4/24 + 4*s**3/3 + 20*s**2 - 2*s. Determine a(-12).
-4
Let g(l) = l**3 - 8*l**2 + 2*l - 2. Let y be g(8). Let i be 6/2*(-12 + y). Let b(d) = -d**3 + 5*d**2 + 5*d + 6. Give b(i).
0
Suppose 0 = -4*i - u - 18 + 4, 0 = 5*i + 3*u + 14. Let v(z) = -23*z**3 - 4*z**2 + 4 - 1 - 4*z + 4*z + 22*z**3. What is v(i)?
3
Let x(z) = -5*z**3 + 10*z - 1. Let g(h) = 11*h**3 + h**2 - 21*h + 2. Let n(o) = -4*g(o) - 9*x(o). Let f = 3 + 2. Suppose 0*l + 25 = f*l. What is n(l)?
-4
Let i(m) = -m**3 + 7*m**2 - 3*m - 3. Let c be i(6). Suppose 2*j + c = 7*j. Let u(y) = y**2 - 4*y - 5 - j*y**2 + y**2. Calculate u(-5).
-10
Suppose 2*k - 15 = -v, 0 = -4*k + v + 3*v. Let c(d) = -d. Let r be c(k). Let i(q) = -11 + 6*q**2 - 7*q - 7*q**2 + 3*q + 7 - 3*q. Calculate i(r).
6
Let q(m) = 21*m - 153. Let r(n) = 9*n - 76. Let u(s) = 4*q(s) - 9*r(s). Determine u(-22).
6
Suppose 3*w + 0 - 2 = -f, -5*w + f = -6. Suppose -3*p - 7 = -2*d, -2*d + 5 = -5*p - 0. Let y(b) = -w - d*b + 4*b + 2*b. Calculate y(-5).
-6
Let j(w) = 6*w. Let n be (1 - 6/2) + 4. Determine j(n).
12
Let i(g) = 2*g - 13. Let l = 771 + -771. What is i(l)?
-13
Let v = -3 + 5. Suppose 5*j + 14 = -q, v*q - 4*j - 14 = -0*q. Let n(u) = -u**3 - u**2. Give n(q).
-2
Let j(x) = -x**3 + 16*x**2 + 2*x - 34. Let z = 2461 + -2445. Determine j(z).
-2
Let p(n) be the third derivative of n**4/24 + n**3/3 - 1311*n**2. Let h(q) = -q**3 - 5*q**2 - 6*q - 4. Suppose 0 = -6*d + d - 20. Let x be h(d). Calculate p(x).
6
Let j(l) = l**3 + 3*l**2 + 5*l - 1. Suppose 3*w - 2*w = 2. Let o(n) = 6*n**3 + 3*n**2 + 4*n**3 + 5*n - 8*n**3 + n. Let c(h) = w*o(h) - 3*j(h). What is c(4)?
7
Let h(g) = -3*g - g + 7 - 3 + g. Let c be h(-7). Suppose -6*q = x - 3*q + 11, -3*x = 5*q + c. Let t(n) = -n**3 - 5*n**2 - n - 1. What is t(x)?
4
Let g(k) = -k**3 - 9*k**2 - 4*k + 60. Let j be g(-7). Let t(f) = -f**3 - 11*f**2 - 10*f + 4. Calculate t(j).
4
Let c be (93/(-248) - (-138)/(-16)) + 5. Let g(v) be the second derivative of -1/2*v**3 - v**2 + 0 + v. Determine g(c).
10
Let l(d) be the first derivative of d**3/3 - d + 59. What is l(0)?
-1
Let h = -106 - -114. Let o(s) = 3*s - 25. Give o(h).
-1
Let a be (50/(-75))/(6/(-9)). Let k(c) = 2*c**2 - c. Determine k(a).
1
Let s(y) be the third derivative of y**6/120 + y**5/12 - y**4/4 + 4*y**3/3 + 2167*y**2. Let o = 1 + -1. Suppose 0 = 5*h - o*h + 30. Calculate s(h).
8
Let o(h) = h**3 - 2*h**2 + 2. Let p = 127 + -125. Determine o(p).
2
Suppose 5*z = -2*c + 27, -5*c + 4 = -c. Let s(g) = g - 1. Let j(y) = 2*y + 2. Let a(n) = j(n) - 4*s(n). Determine a(z).
-4
Suppose 23 = 5*g - h, h - 12 = -4*g + 1. Let j = -1 + g. Suppose -t - j*t = -20. Let v(u) = u + 2. What is v(t)?
7
Let h(l) = -13*l**2 - 7*l - 6. Let o(v) = 31*v**2 + 15*v + 11. Let i(m) = 7*h(m) + 3*o(m). What is i(4)?
7
Suppose 2*p - 20 = 7*p, -2*j = 2*p + 4. Suppose 4*z + 460 = 468. Let v(x) = 5*x**2 + 1 + 2*x + j*x**z + 0 - 6*x**2. Calculate v(-1).
0
Suppose -5*a - 26 = -1. Let j = a + 0. Let r(y) = -y**2 - 7*y + 14788 - 14788. Determine r(j).
10
Let r be (-1)/2 - 10/4. Let l be (-5)/(-6) + (-3)/(-18). Let i(g) = 3*g**2 + g**2 + 3*g**2 + l - 6*g**2 + 3*g. What is i(r)?
1
Let i be 5*(-2)/((-20)/6). Let r(g) = g**2. Let b(p) = -3 - p**2 + 2 - 235*p + 234*p. Let s(d) = i*b(d) + 5*r(d). Give s(3).
6
Let f(b) = b**3 + 4*b**2 + 2. Let s be f(-4). Suppose -2*u + 4 = s. Let l(z) = 0*z + 8*z - 2 + u. Give l(1).
7
Let s(h) be the first derivative of -h**3/3 + 9*h**2/2 - 7*h - 1. Let w(u) = -17*u + 52. Let y be w(8). Let i = y - -89. Determine s(i).
13
Let h(j) be the first derivative of j**2 - 5*j - 8. Determine h(3).
1
Let f(j) = 21*j**2 + j + 18. Let i(p) = -25*p**2 - 3*p - 18. Let b(q) = 6*f(q) + 5*i(q). Give b(8).
10
Let d(s) = -6 + 82 - 47 - 5*s. Give d(7).
-6
Let t(a) be the third derivative of a**6/120 - a**5/60 - 22*a**2. Let w(z) = -5*z**3 + 11*z**2 - 5*z - 9. Let v(d) = 6*t(d) + w(d). Determine v(-6).
-15
Let j(b) = -24*b + 53*b - 2 - 17*b - 13*b. Determine j(0).
-2
Let j be ((-252)/8)/((-1)/(-2)). Let r = j + 65. Let x(p) = -6*p + 3. Calculate x(r).
-9
Let f be (4 - (-72)/(-16))/(2/(-172)). Let z(x) = -25*x - 21*x + f*x. Give z(2).
-6
Let l = -53 - -79. Suppose 0 = 2*s + 4*y - l, -s + 2*y + 19 = -2*y. Let x = 13 - s. Let h(d) = -d**2 - 4*d. Determine h(x).
4
Suppose -5*c - 11 = w, -3*w + 5*w - 5*c = 38. Let t(p) = -p**2 - p + 1. Let s(f) = 2*f**2 - 9*f + 7. Let l(u) = -s(u) - t(u). What is l(w)?
1
Suppose 4*y = 5*l - 3 - 11, 3*y + 11 = 4*l. Let a be 1*(-2 + l)*-1 - 0. Let q(n) = -n**2 + n - 6. Determine q(a).
-6
Let w(g) = -g + 6. Let f(q) = -2*q - 5. Let n be 186/45 - (-4)/(-30). Suppose n*c + 8 = -v + 3*v, 2*v = -c - 12. Let y be f(c). Calculate w(y).
3
Let h(j) = 29*j - 14 - 2*j + 16*j**2 - 18*j**2. Let w be h(13). Let s(c) be the second derivative of c**5/10 - c**3/6 + c. Calculate s(w).
-1
Let o(r) = 22*r**2 + 5*r - 5. Let n(l) = 18*l**2 + 4*l - 4. Let x(p) = -5*n(p) + 4*o(p). Determine x(2).
-8
Let d = 139 - 137. Let n(z) = 9*z - 7 - 2 - 1 - z**d + 2*z**2. Calculate n(-8).
-18
Let x be (426/284)/((-6)/(-40)). Let y(d) = d**2 - 14*d - 6. Give y(x).
-46
Let d(s) = s + 16. Suppose 3*w - 33 = 3*v, -2*v + 14*w = 11*w + 26. Calculate d(v).
9
Let b(n) be the third derivative of -n**5/120 + n**4/8 - n**3/6 + n**2. Let v(h) be the first derivative of b(h). Let u = -393 - -398. Give v(u).
-2
Let x(n) be the second derivative of -n**5/20 + n**4/2 + 4*n**3/3 - 5*n**2 - 56*n - 2. Give x(7).
-3
Suppose 3*k = q + 2*k - 9, -5*k = -2*q + 33. Let s be q/8 + 12/8. Let a(y) = -2 - 2*y - 3*y - s + 4*y. Give a(5).
-9
Let k(f) be the third derivative of -f**4/12 - f**3/2 + 2*f**2 - 57. Let z = -1 - -1. Suppose z = -3*u + l - 19, -4*u + 9*u = -l - 29. Calculate k(u).
9
Suppose -29*g = -62*g - 726. Let q(n) = -n**3 - 21*n**2 + 24*n + 37. Determine q(g).
-7
Let b(a) = -7*a**2 - 2*a + 1. Let r(h) = -h + 6. Let f(j) = j - 7. Let q(n) = 2*f(n) + 3*r(n). Let v be q(3). Determine b(v).
-8
Let y(b) = b**3 - 7*b**2 - 9*b + 10. Let c(l) be the first derivative of l**3/3 + 13*l**2/2 + 8*l - 32. Let x be c(-13). Give y(x).
2
Let q(n) = 8*n - 66. Let v(a) = -5*a + 34. Let d(s) = -4*q(s) - 7*v(s). Give d(-11).
-7
Suppose -2*g + 4*g - 5*o = -27, -2*o + 8 = 2*g. Let r(y) = 3*y**3 - 2*y**2 + y + 2. Give r(g).
-4
Let s(m) be the first derivative of -m**3/6 + 3*m**2 - m + 4. Let x(c) be the first derivative of s(c). Let i = -15 - -19. Calculate x(i).
2
Let o(d) = d**3 + 9*d**2 + 3*d + 36. Suppose 116*y + 32*y + 1332 = 0. Determine o(y).
9
Let m(y) = -y - 9. Let i = -22 + 11. Let b be m(i). Let x be 1/1 + 14/b. Let a(j) = 2*j - 12. Give a(x).
4
Let l(c) = c - 5. Let y(h) = -5*h - 89. Let m be y(-16). Determine l(m).
-14
Let p(j) be the third derivative of -j**5/30 - 17*j**4/24 + 5*j**3/3 - 3*j**2 - 30. Give p(-9).
1
Suppose -6 = -r + 23. Suppose r - 3 = i. Suppose 3*l + 12 = 2*j, -2*l - i = 4*j - 2. Let g(m) = m**2 + 5*m - 3. What is g(l)?
3
Let q(m) be the second derivative of m**3/2 + m**2 + 2*m + 211. Suppose 2*s + 3 = -3. Determine q(s).
-7
Let x(p) be the third derivative of p**8/6720 - p**7/504 - p**6/180 - p**